
1
Calculate the remainder when 5782 is divided by 1423.
90
Calculate the remainder when 47707 is divided by 168.
163
What is the remainder when 162559 is divided by 20314?
47
What is the remainder when 70791 is divided by 47?
9
What is the remainder when 592 is divided by 584?
8
What is the remainder when 8571 is divided by 7?
3
Calculate the remainder when 94 is divided by 62.
32
Calculate the remainder when 131585 is divided by 658.
643
Calculate the remainder when 63721 is divided by 494.
489
What is the remainder when 19287 is divided by 9?
0
Calculate the remainder when 19565 is divided by 47.
13
What is the remainder when 4177870 is divided by 18?
16
What is the remainder when 8248 is divided by 44?
20
Calculate the remainder when 126 is divided by 76.
50
What is the remainder when 319567 is divided by 43?
34
Calculate the remainder when 97462 is divided by 744.
742
Calculate the remainder when 24143 is divided by 24.
23
What is the remainder when 63706 is divided by 88?
82
Calculate the remainder when 113453 is divided by 56722.
9
Calculate the remainder when 1319 is divided by 90.
59
What is the remainder when 986 is divided by 484?
18
Calculate the remainder when 223846 is divided by 223841.
5
Calculate the remainder when 4929 is divided by 586.
241
What is the remainder when 7228 is divided by 746?
514
What is the remainder when 5335101 is divided by 479?
478
Calculate the remainder when 3492 is divided by 1107.
171
What is the remainder when 12646 is divided by 136?
134
Calculate the remainder when 31218 is divided by 31097.
121
What is the remainder when 19388 is divided by 43?
38
Calculate the remainder when 347204 is divided by 237.
236
What is the remainder when 2642 is divided by 17?
7
What is the remainder when 2066 is divided by 265?
211
What is the remainder when 827306 is divided by 369?
8
What is the remainder when 549115 is divided by 429?
424
Calculate the remainder when 120284 is divided by 1562.
10
Calculate the remainder when 2235 is divided by 85.
25
Calculate the remainder when 120542 is divided by 1371.
1265
What is the remainder when 886 is divided by 214?
30
Calculate the remainder when 698 is divided by 660.
38
What is the remainder when 310 is divided by 77?
2
Calculate the remainder when 269212 is divided by 11.
9
What is the remainder when 97643 is divided by 79?
78
What is the remainder when 61332 is divided by 30634?
64
What is the remainder when 34715 is divided by 7?
2
What is the remainder when 49684 is divided by 24840?
4
What is the remainder when 150011 is divided by 512?
507
Calculate the remainder when 137472 is divided by 68732.
8
Calculate the remainder when 15656 is divided by 838.
572
Calculate the remainder when 70022 is divided by 33.
29
Calculate the remainder when 5459 is divided by 22.
3
What is the remainder when 10809 is divided by 327?
18
What is the remainder when 84189 is divided by 98?
7
Calculate the remainder when 303532 is divided by 66.
64
Calculate the remainder when 49929 is divided by 438.
435
What is the remainder when 11627 is divided by 46?
35
Calculate the remainder when 8139 is divided by 177.
174
Calculate the remainder when 81407 is divided by 92.
79
What is the remainder when 49681 is divided by 204?
109
What is the remainder when 3548 is divided by 410?
268
What is the remainder when 1469883 is divided by 5?
3
What is the remainder when 21502 is divided by 1588?
858
What is the remainder when 1782 is divided by 19?
15
What is the remainder when 3315 is divided by 7?
4
Calculate the remainder when 426481 is divided by 33.
22
What is the remainder when 10029 is divided by 105?
54
What is the remainder when 357 is divided by 159?
39
What is the remainder when 162070 is divided by 91?
90
Calculate the remainder when 15897 is divided by 77.
35
What is the remainder when 2321 is divided by 318?
95
Calculate the remainder when 4105 is divided by 377.
335
Calculate the remainder when 436091 is divided by 82.
15
Calculate the remainder when 27304 is divided by 140.
4
What is the remainder when 206251 is divided by 349?
341
Calculate the remainder when 674 is divided by 347.
327
What is the remainder when 224 is divided by 32?
0
Calculate the remainder when 3868 is divided by 67.
49
Calculate the remainder when 134977 is divided by 68.
65
What is the remainder when 11955 is divided by 1195?
5
What is the remainder when 58620 is divided by 2258?
2170
What is the remainder when 16560 is divided by 48?
0
Calculate the remainder when 3308787 is divided by 106.
103
Calculate the remainder when 277401 is divided by 17.
12
What is the remainder when 123371 is divided by 163?
143
What is the remainder when 23164 is divided by 2598?
2380
What is the remainder when 29076 is divided by 29?
18
Calculate the remainder when 22881 is divided by 1522.
51
Calculate the remainder when 121891 is divided by 1.
0
Calculate the remainder when 1131 is divided by 432.
267
What is the remainder when 55376 is divided by 30?
26
Calculate the remainder when 441366 is divided by 190.
186
Calculate the remainder when 10428 is divided by 694.
18
What is the remainder when 103623 is divided by 1329?
1290
Calculate the remainder when 27994 is divided by 133.
64
What is the remainder when 5604 is divided by 95?
94
Calculate the remainder when 376999 is divided by 500.
499
What is the remainder when 58417 is divided by 370?
327
Calculate the remainder when 12513 is divided by 241.
222
Calculate the remainder when 2002 is divided by 174.
88
Calculate the remainder when 1429650 is divided by 505.
500
What is the remainder when 1095 is divided by 12?
3
What is the remainder when 358655 is divided by 4321?
12
What is the remainder when 14991 is divided by 4918?
237
What is the remainder when 821 is divided by 219?
164
Calculate the remainder when 4756763 is divided by 65.
63
Calculate the remainder when 49583 is divided by 318.
293
Calculate the remainder when 1124 is divided by 805.
319
Calculate the remainder when 11776 is divided by 5879.
18
What is the remainder when 118438 is divided by 83?
80
Calculate the remainder when 9458 is divided by 172.
170
What is the remainder when 14891 is divided by 278?
157
What is the remainder when 6917 is divided by 6757?
160
What is the remainder when 4187 is divided by 112?
43
Calculate the remainder when 6605 is divided by 6.
5
Calculate the remainder when 210101 is divided by 35.
31
What is the remainder when 55975 is divided by 60?
55
Calculate the remainder when 62259 is divided by 798.
15
What is the remainder when 36152 is divided by 3280?
72
Calculate the remainder when 364 is divided by 185.
179
Calculate the remainder when 49820 is divided by 24.
20
Calculate the remainder when 150981 is divided by 12.
9
Calculate the remainder when 25480 is divided by 137.
135
Calculate the remainder when 254583 is divided by 70.
63
Calculate the remainder when 12804 is divided by 2.
0
Calculate the remainder when 2021 is divided by 750.
521
What is the remainder when 2243 is divided by 384?
323
Calculate the remainder when 167955 is divided by 86.
83
What is the remainder when 318783 is divided by 400?
383
Calculate the remainder when 66599 is divided by 40.
39
What is the remainder when 1153 is divided by 132?
97
What is the remainder when 2103 is divided by 403?
88
Calculate the remainder when 786 is divided by 35.
16
Calculate the remainder when 15005 is divided by 1498.
25
What is the remainder when 29164 is divided by 53?
14
What is the remainder when 1401118 is divided by 672?
670
What is the remainder when 162980 is divided by 101?
67
What is the remainder when 37253 is divided by 12414?
11
What is the remainder when 1844 is divided by 649?
546
What is the remainder when 749174 is divided by 75?
74
Calculate the remainder when 1395 is divided by 110.
75
Calculate the remainder when 238977 is divided by 79655.
12
Calculate the remainder when 132575 is divided by 17.
9
What is the remainder when 284901 is divided by 52?
45
Calculate the remainder when 1938 is divided by 142.
92
What is the remainder when 704 is divided by 117?
2
What is the remainder when 1479 is divided by 16?
7
Calculate the remainder when 37022 is divided by 363.
359
Calculate the remainder when 119383